 prime factors of 589954?
2, 97, 3041
List the prime factors of 877612.
2, 151, 1453
List the prime factors of 919918.
2, 353, 1303
List the prime factors of 268859.
29, 73, 127
List the prime factors of 607438.
2, 13, 61, 383
List the prime factors of 105443.
13, 8111
List the prime factors of 4647824.
2, 290489
List the prime factors of 108124.
2, 27031
What are the prime factors of 19421?
19421
List the prime factors of 1749305.
5, 271, 1291
What are the prime factors of 244984?
2, 113, 271
List the prime factors of 1090244.
2, 17, 16033
List the prime factors of 252339.
3, 19, 233
What are the prime factors of 2485562?
2, 1242781
List the prime factors of 766282.
2, 11, 61, 571
What are the prime factors of 6881934?
2, 3, 1146989
What are the prime factors of 253901?
253901
What are the prime factors of 432929?
7, 23, 2689
List the prime factors of 404362.
2, 7, 17, 1699
List the prime factors of 258037.
13, 23, 863
What are the prime factors of 12405829?
12405829
What are the prime factors of 17123580?
2, 3, 5, 95131
What are the prime factors of 307588?
2, 131, 587
What are the prime factors of 181856?
2, 5683
List the prime factors of 2030653.
2030653
List the prime factors of 256453.
317, 809
What are the prime factors of 5105708?
2, 487, 2621
What are the prime factors of 7402660?
2, 5, 370133
What are the prime factors of 4255140?
2, 3, 5, 70919
List the prime factors of 5070137.
61, 83117
What are the prime factors of 3012076?
2, 753019
List the prime factors of 322444.
2, 80611
What are the prime factors of 990866?
2, 495433
What are the prime factors of 73560?
2, 3, 5, 613
What are the prime factors of 259286?
2, 129643
List the prime factors of 15325497.
3, 11, 4691
What are the prime factors of 243279?
3, 27031
List the prime factors of 647968.
2, 20249
What are the prime factors of 266783?
11, 79, 307
List the prime factors of 620001.
3, 22963
List the prime factors of 17378691.
3, 11, 526627
What are the prime factors of 551059?
551059
What are the prime factors of 4864?
2, 19
What are the prime factors of 801799?
157, 5107
What are the prime factors of 2028780?
2, 3, 5, 13, 17
What are the prime factors of 4482534?
2, 3, 7, 106727
List the prime factors of 35563245.
3, 5, 191, 12413
What are the prime factors of 9394089?
3, 853, 3671
List the prime factors of 358867.
358867
List the prime factors of 965411.
965411
What are the prime factors of 1147902?
2, 3, 7, 151, 181
What are the prime factors of 3961269?
3, 13, 33857
List the prime factors of 214601.
67, 3203
List the prime factors of 6523557.
3, 1051, 2069
List the prime factors of 7767540.
2, 3, 5, 11, 3923
What are the prime factors of 12808957?
7, 47, 38933
List the prime factors of 621088.
2, 13, 1493
What are the prime factors of 21222?
2, 3, 131
What are the prime factors of 107224?
2, 13, 1031
What are the prime factors of 658740?
2, 3, 5, 10979
List the prime factors of 134217.
3, 1657
What are the prime factors of 189476?
2, 7, 67, 101
List the prime factors of 8190812.
2, 7, 43, 6803
What are the prime factors of 124337?
124337
List the prime factors of 611407.
29, 727
What are the prime factors of 10578608?
2, 113, 5851
List the prime factors of 180767.
163, 1109
What are the prime factors of 7632661?
19, 73, 5503
What are the prime factors of 282182?
2, 199, 709
List the prime factors of 239523.
3, 79841
List the prime factors of 236795.
5, 13, 3643
List the prime factors of 208537.
7, 31
What are the prime factors of 19875074?
2, 17, 584561
What are the prime factors of 1792738?
2, 896369
What are the prime factors of 370882?
2, 185441
What are the prime factors of 3217556?
2, 17, 47317
List the prime factors of 25307524.
2, 11, 71, 8101
What are the prime factors of 3999131?
17, 235243
List the prime factors of 6663281.
19, 350699
List the prime factors of 82097.
53, 1549
What are the prime factors of 2193035?
5, 13, 33739
List the prime factors of 146030.
2, 5, 17, 859
List the prime factors of 256047.
3, 11, 7759
What are the prime factors of 1450164?
2, 3, 120847
What are the prime factors of 95010?
2, 3, 5, 3167
What are the prime factors of 216065?
5, 79, 547
What are the prime factors of 673935?
3, 5, 179, 251
What are the prime factors of 4222413?
3, 13, 151, 239
List the prime factors of 368542.
2, 184271
What are the prime factors of 620948?
2, 29, 53, 101
What are the prime factors of 7151855?
5, 31, 46141
List the prime factors of 357382.
2, 178691
List the prime factors of 36473.
36473
List the prime factors of 713636.
2, 7, 11, 331
What are the prime factors of 65601?
3, 37, 197
What are the prime factors of 369834?
2, 3, 53, 1163
List the prime factors of 430161.
3, 143387
List the prime factors of 103161.
3, 137, 251
What are the prime factors of 336459?
3, 112153
What are the prime factors of 10119467?
641, 15787
What are the prime factors of 805670?
2, 5, 80567
List the prime factors of 436833.
3, 5393
List the prime factors of 282121.
7, 41, 983
List the prime factors of 335170.
2, 5, 11, 277
List the prime factors of 9190700.
2, 5, 73, 1259
List the prime factors of 328648.
2, 41081
List the prime factors of 106863.
3, 179, 199
What are the prime factors of 5183593?
313, 16561
What are the prime factors of 322567?
7, 29, 227
What are the prime factors of 2426924?
2, 606731
List the prime factors of 3299986.
2, 1649993
List the prime factors of 809626.
2, 331, 1223
List the prime factors of 352577.
79, 4463
What are the prime factors of 3741295?
5, 23, 32533
List the prime factors of 387025.
5, 113, 137
What are the prime factors of 2188722?
2, 3, 283, 1289
What are the prime factors of 91470?
2, 3, 5, 3049
What are the prime factors of 129170?
2, 5, 12917
What are the prime factors of 669893?
7, 83, 1153
What are the prime factors of 1156218?
2, 3, 7, 27529
List the prime factors of 23077971.
3, 7, 43, 1217
What are the prime factors of 1965041?
13, 151157
List the prime factors of 223375.
5, 1787
List the prime factors of 1311847.
1311847
List the prime factors of 173298.
2, 3, 17, 1699
List the prime factors of 3760107.
3, 13, 67, 1439
List the prime factors of 8425863.
3, 17, 29, 211
List the prime factors of 191246.
2, 11, 8693
List the prime factors of 23057.
23057
List the prime factors of 8988.
2, 3, 7, 107
What are the prime factors of 11223842?
2, 7, 17, 6737
List the prime factors of 5962232.
2, 47, 101, 157
List the prime factors of 1077231.
3, 137, 2621
What are the prime factors of 2372727?
3, 7, 16141
List the prime factors of 675893.
31, 21803
List the prime factors of 3946801.
3946801
List the prime factors of 958522.
2, 37, 12953
List the prime factors of 17227.
7, 23, 107
List the prime factors of 13707905.
5, 2741581
What are the prime factors of 2409007?
787, 3061
What are the prime factors of 418488?
2, 3, 7, 47, 53
What are the prime factors of 25163312?
2, 103, 15269
What are the prime factors of 7837958?
2, 53, 73943
What are the prime factors of 925060?
2, 5, 23, 2011
What are the prime factors of 10633920?
2, 3, 5, 11, 19, 53
What are the prime factors of 107470?
2, 5, 11, 977
What are the prime factors of 207667?
23, 9029
List the prime factors of 7866297.
3, 409, 2137
What are the prime factors of 4345337?
4345337
What are the prime factors of 588728?
2, 7, 10513
List the prime factors of 3656616.
2, 3, 151, 1009
What are the prime factors of 873351?
3, 97039
List the prime factors of 1520080.
2, 5, 19001
List the prime factors of 124938.
2, 3, 11, 631
What are the prime factors of 5461315?
5, 163, 6701
What are the prime factors of 34243?
11, 283
What are the prime factors of 1101029?
179, 6151
List the prime factors of 2049030.
2, 3, 5, 7589
List the prime factors of 1735438.
2, 867719
What are the prime factors of 1192592?
2, 19, 3923
What are the prime factors of 2358130?
2, 5, 235813
What are the prime factors of 202813?
13, 15601
What are the prime factors of 6001654?
2, 1657, 1811
List the prime factors of 65140.
2, 5, 3257
What are the prime factors of 12615294?
2, 3, 2102549
What are the prime factors of 197866?
2, 19, 41, 127
List the prime factors of 3977389.
13, 37, 8269
List the prime factors of 154555.
5, 30911
What are the prime factors of 761182?
2, 380591
List the prime factors of 1236329.